{"id":5521,"date":"2024-01-16T14:38:54","date_gmt":"2024-01-16T19:38:54","guid":{"rendered":"https:\/\/continuingeducation.johnabbott.qc.ca\/?post_type=events&#038;p=5521"},"modified":"2024-02-27T14:42:34","modified_gmt":"2024-02-27T19:42:34","slug":"professional-integration-into-nursing-in-quebec-for-internationally-educated-nurses-programme-dautomne-2024-seance-dinformation-2","status":"publish","type":"events","link":"https:\/\/continuingeducation.johnabbott.qc.ca\/fr\/events\/professional-integration-into-nursing-in-quebec-for-internationally-educated-nurses-programme-dautomne-2024-seance-dinformation-2\/","title":{"rendered":"S\u00e9ance d&rsquo;info &#8211; Professional Integration into Nursing in Quebec for Internationally Educated Nurses"},"content":{"rendered":"<p>Veuillez vous inscrire \u00e0 la session d&rsquo;information ici :<\/p>\n<p><a class=\"btn\" href=\"https:\/\/continuingeducation.johnabbott.qc.ca\/fr\/professional-integration-into-nursing-in-quebec-for-internationally-educated-nurses-info-session\/\" target=\"_blank\" rel=\"noopener\">CLIQUEZ ICI POUR VOUS INSCRIRE \u00c0 UNE S\u00c9ANCE D\u2019INFORMATION EN ANGLAIS<\/a><\/p>\n","protected":false},"excerpt":{"rendered":"<p>Veuillez vous inscrire \u00e0 la session d&rsquo;information ici : CLIQUEZ ICI POUR VOUS INSCRIRE \u00c0 UNE S\u00c9ANCE D\u2019INFORMATION EN ANGLAIS<\/p>\n","protected":false},"author":28,"featured_media":0,"menu_order":0,"template":"","calendar":[99],"organizer":[],"venue":[],"class_list":["post-5521","events","type-events","status-publish","hentry","calendar-aec-certificate-program-calendar-fr"],"acf":[],"yoast_head":"<!-- This site is optimized with the Yoast SEO plugin v27.4 - https:\/\/yoast.com\/product\/yoast-seo-wordpress\/ -->\n<title>S\u00e9ance d&#039;info - Professional Integration into Nursing in Quebec for Internationally Educated Nurses - John Abbott College<\/title>\n<meta name=\"robots\" content=\"index, follow, max-snippet:-1, max-image-preview:large, max-video-preview:-1\" \/>\n<link rel=\"canonical\" href=\"https:\/\/continuingeducation.johnabbott.qc.ca\/fr\/events\/professional-integration-into-nursing-in-quebec-for-internationally-educated-nurses-programme-dautomne-2024-seance-dinformation-2\/\" \/>\n<meta property=\"og:locale\" content=\"fr_FR\" \/>\n<meta property=\"og:type\" content=\"article\" \/>\n<meta property=\"og:title\" content=\"S\u00e9ance d&#039;info - Professional Integration into Nursing in Quebec for Internationally Educated Nurses - John Abbott College\" \/>\n<meta property=\"og:description\" content=\"Veuillez vous inscrire \u00e0 la session d&rsquo;information ici : CLIQUEZ ICI POUR VOUS INSCRIRE \u00c0 UNE S\u00c9ANCE D\u2019INFORMATION EN ANGLAIS\" \/>\n<meta property=\"og:url\" content=\"https:\/\/continuingeducation.johnabbott.qc.ca\/fr\/events\/professional-integration-into-nursing-in-quebec-for-internationally-educated-nurses-programme-dautomne-2024-seance-dinformation-2\/\" \/>\n<meta property=\"og:site_name\" content=\"John Abbott College\" \/>\n<meta property=\"article:modified_time\" content=\"2024-02-27T19:42:34+00:00\" \/>\n<meta name=\"twitter:card\" content=\"summary_large_image\" \/>\n<meta name=\"twitter:label1\" content=\"Dur\u00e9e de lecture estim\u00e9e\" \/>\n\t<meta name=\"twitter:data1\" content=\"1 minute\" \/>\n<script type=\"application\/ld+json\" class=\"yoast-schema-graph\">{\"@context\":\"https:\\\/\\\/schema.org\",\"@graph\":[{\"@type\":\"WebPage\",\"@id\":\"https:\\\/\\\/continuingeducation.johnabbott.qc.ca\\\/fr\\\/events\\\/professional-integration-into-nursing-in-quebec-for-internationally-educated-nurses-programme-dautomne-2024-seance-dinformation-2\\\/\",\"url\":\"https:\\\/\\\/continuingeducation.johnabbott.qc.ca\\\/fr\\\/events\\\/professional-integration-into-nursing-in-quebec-for-internationally-educated-nurses-programme-dautomne-2024-seance-dinformation-2\\\/\",\"name\":\"S\u00e9ance d'info - Professional Integration into Nursing in Quebec for Internationally Educated Nurses - John Abbott College\",\"isPartOf\":{\"@id\":\"https:\\\/\\\/continuingeducation.johnabbott.qc.ca\\\/#website\"},\"datePublished\":\"2024-01-16T19:38:54+00:00\",\"dateModified\":\"2024-02-27T19:42:34+00:00\",\"breadcrumb\":{\"@id\":\"https:\\\/\\\/continuingeducation.johnabbott.qc.ca\\\/fr\\\/events\\\/professional-integration-into-nursing-in-quebec-for-internationally-educated-nurses-programme-dautomne-2024-seance-dinformation-2\\\/#breadcrumb\"},\"inLanguage\":\"fr-FR\",\"potentialAction\":[{\"@type\":\"ReadAction\",\"target\":[\"https:\\\/\\\/continuingeducation.johnabbott.qc.ca\\\/fr\\\/events\\\/professional-integration-into-nursing-in-quebec-for-internationally-educated-nurses-programme-dautomne-2024-seance-dinformation-2\\\/\"]}]},{\"@type\":\"BreadcrumbList\",\"@id\":\"https:\\\/\\\/continuingeducation.johnabbott.qc.ca\\\/fr\\\/events\\\/professional-integration-into-nursing-in-quebec-for-internationally-educated-nurses-programme-dautomne-2024-seance-dinformation-2\\\/#breadcrumb\",\"itemListElement\":[{\"@type\":\"ListItem\",\"position\":1,\"name\":\"Home\",\"item\":\"https:\\\/\\\/continuingeducation.johnabbott.qc.ca\\\/fr\\\/\"},{\"@type\":\"ListItem\",\"position\":2,\"name\":\"S\u00e9ance d&#8217;info &#8211; Professional Integration into Nursing in Quebec for Internationally Educated Nurses\"}]},{\"@type\":\"WebSite\",\"@id\":\"https:\\\/\\\/continuingeducation.johnabbott.qc.ca\\\/#website\",\"url\":\"https:\\\/\\\/continuingeducation.johnabbott.qc.ca\\\/\",\"name\":\"John Abbott College\",\"description\":\"\",\"potentialAction\":[{\"@type\":\"SearchAction\",\"target\":{\"@type\":\"EntryPoint\",\"urlTemplate\":\"https:\\\/\\\/continuingeducation.johnabbott.qc.ca\\\/?s={search_term_string}\"},\"query-input\":{\"@type\":\"PropertyValueSpecification\",\"valueRequired\":true,\"valueName\":\"search_term_string\"}}],\"inLanguage\":\"fr-FR\"}]}<\/script>\n<!-- \/ Yoast SEO plugin. -->","yoast_head_json":{"title":"S\u00e9ance d'info - Professional Integration into Nursing in Quebec for Internationally Educated Nurses - John Abbott College","robots":{"index":"index","follow":"follow","max-snippet":"max-snippet:-1","max-image-preview":"max-image-preview:large","max-video-preview":"max-video-preview:-1"},"canonical":"https:\/\/continuingeducation.johnabbott.qc.ca\/fr\/events\/professional-integration-into-nursing-in-quebec-for-internationally-educated-nurses-programme-dautomne-2024-seance-dinformation-2\/","og_locale":"fr_FR","og_type":"article","og_title":"S\u00e9ance d'info - Professional Integration into Nursing in Quebec for Internationally Educated Nurses - John Abbott College","og_description":"Veuillez vous inscrire \u00e0 la session d&rsquo;information ici : CLIQUEZ ICI POUR VOUS INSCRIRE \u00c0 UNE S\u00c9ANCE D\u2019INFORMATION EN ANGLAIS","og_url":"https:\/\/continuingeducation.johnabbott.qc.ca\/fr\/events\/professional-integration-into-nursing-in-quebec-for-internationally-educated-nurses-programme-dautomne-2024-seance-dinformation-2\/","og_site_name":"John Abbott College","article_modified_time":"2024-02-27T19:42:34+00:00","twitter_card":"summary_large_image","twitter_misc":{"Dur\u00e9e de lecture estim\u00e9e":"1 minute"},"schema":{"@context":"https:\/\/schema.org","@graph":[{"@type":"WebPage","@id":"https:\/\/continuingeducation.johnabbott.qc.ca\/fr\/events\/professional-integration-into-nursing-in-quebec-for-internationally-educated-nurses-programme-dautomne-2024-seance-dinformation-2\/","url":"https:\/\/continuingeducation.johnabbott.qc.ca\/fr\/events\/professional-integration-into-nursing-in-quebec-for-internationally-educated-nurses-programme-dautomne-2024-seance-dinformation-2\/","name":"S\u00e9ance d'info - Professional Integration into Nursing in Quebec for Internationally Educated Nurses - John Abbott College","isPartOf":{"@id":"https:\/\/continuingeducation.johnabbott.qc.ca\/#website"},"datePublished":"2024-01-16T19:38:54+00:00","dateModified":"2024-02-27T19:42:34+00:00","breadcrumb":{"@id":"https:\/\/continuingeducation.johnabbott.qc.ca\/fr\/events\/professional-integration-into-nursing-in-quebec-for-internationally-educated-nurses-programme-dautomne-2024-seance-dinformation-2\/#breadcrumb"},"inLanguage":"fr-FR","potentialAction":[{"@type":"ReadAction","target":["https:\/\/continuingeducation.johnabbott.qc.ca\/fr\/events\/professional-integration-into-nursing-in-quebec-for-internationally-educated-nurses-programme-dautomne-2024-seance-dinformation-2\/"]}]},{"@type":"BreadcrumbList","@id":"https:\/\/continuingeducation.johnabbott.qc.ca\/fr\/events\/professional-integration-into-nursing-in-quebec-for-internationally-educated-nurses-programme-dautomne-2024-seance-dinformation-2\/#breadcrumb","itemListElement":[{"@type":"ListItem","position":1,"name":"Home","item":"https:\/\/continuingeducation.johnabbott.qc.ca\/fr\/"},{"@type":"ListItem","position":2,"name":"S\u00e9ance d&#8217;info &#8211; Professional Integration into Nursing in Quebec for Internationally Educated Nurses"}]},{"@type":"WebSite","@id":"https:\/\/continuingeducation.johnabbott.qc.ca\/#website","url":"https:\/\/continuingeducation.johnabbott.qc.ca\/","name":"John Abbott College","description":"","potentialAction":[{"@type":"SearchAction","target":{"@type":"EntryPoint","urlTemplate":"https:\/\/continuingeducation.johnabbott.qc.ca\/?s={search_term_string}"},"query-input":{"@type":"PropertyValueSpecification","valueRequired":true,"valueName":"search_term_string"}}],"inLanguage":"fr-FR"}]}},"_links":{"self":[{"href":"https:\/\/continuingeducation.johnabbott.qc.ca\/fr\/wp-json\/wp\/v2\/events\/5521","targetHints":{"allow":["GET"]}}],"collection":[{"href":"https:\/\/continuingeducation.johnabbott.qc.ca\/fr\/wp-json\/wp\/v2\/events"}],"about":[{"href":"https:\/\/continuingeducation.johnabbott.qc.ca\/fr\/wp-json\/wp\/v2\/types\/events"}],"author":[{"embeddable":true,"href":"https:\/\/continuingeducation.johnabbott.qc.ca\/fr\/wp-json\/wp\/v2\/users\/28"}],"version-history":[{"count":3,"href":"https:\/\/continuingeducation.johnabbott.qc.ca\/fr\/wp-json\/wp\/v2\/events\/5521\/revisions"}],"predecessor-version":[{"id":5735,"href":"https:\/\/continuingeducation.johnabbott.qc.ca\/fr\/wp-json\/wp\/v2\/events\/5521\/revisions\/5735"}],"wp:attachment":[{"href":"https:\/\/continuingeducation.johnabbott.qc.ca\/fr\/wp-json\/wp\/v2\/media?parent=5521"}],"wp:term":[{"taxonomy":"calendar","embeddable":true,"href":"https:\/\/continuingeducation.johnabbott.qc.ca\/fr\/wp-json\/wp\/v2\/calendar?post=5521"},{"taxonomy":"organizer","embeddable":true,"href":"https:\/\/continuingeducation.johnabbott.qc.ca\/fr\/wp-json\/wp\/v2\/organizer?post=5521"},{"taxonomy":"venue","embeddable":true,"href":"https:\/\/continuingeducation.johnabbott.qc.ca\/fr\/wp-json\/wp\/v2\/venue?post=5521"}],"curies":[{"name":"wp","href":"https:\/\/api.w.org\/{rel}","templated":true}]}}

Séance d&rsquo;info &#8211; Professional Integration into Nursing in Quebec for Internationally Educated Nurses

<p>Veuillez vous inscrire à la session d&rsquo;information ici :</p>
<p><a class="btn" href="https://continuingeducation.johnabbott.qc.ca/fr/professional-integration-into-nursing-in-quebec-for-internationally-educated-nurses-info-session/" target="_blank" rel="noopener">CLIQUEZ ICI POUR VOUS INSCRIRE À UNE SÉANCE D’INFORMATION EN ANGLAIS</a></p>

<p>Veuillez vous inscrire à la session d&rsquo;information ici : CLIQUEZ ICI POUR VOUS INSCRIRE À UNE SÉANCE D’INFORMATION EN ANGLAIS</p>

<!-- This site is optimized with the Yoast SEO plugin v27.4 - https://yoast.com/product/yoast-seo-wordpress/ -->
<title>Séance d&#039;info - Professional Integration into Nursing in Quebec for Internationally Educated Nurses - John Abbott College</title>
<meta name="robots" content="index, follow, max-snippet:-1, max-image-preview:large, max-video-preview:-1" />
<link rel="canonical" href="https://continuingeducation.johnabbott.qc.ca/fr/events/professional-integration-into-nursing-in-quebec-for-internationally-educated-nurses-programme-dautomne-2024-seance-dinformation-2/" />
<meta property="og:locale" content="fr_FR" />
<meta property="og:type" content="article" />
<meta property="og:title" content="Séance d&#039;info - Professional Integration into Nursing in Quebec for Internationally Educated Nurses - John Abbott College" />
<meta property="og:description" content="Veuillez vous inscrire à la session d&rsquo;information ici : CLIQUEZ ICI POUR VOUS INSCRIRE À UNE SÉANCE D’INFORMATION EN ANGLAIS" />
<meta property="og:url" content="https://continuingeducation.johnabbott.qc.ca/fr/events/professional-integration-into-nursing-in-quebec-for-internationally-educated-nurses-programme-dautomne-2024-seance-dinformation-2/" />
<meta property="og:site_name" content="John Abbott College" />
<meta property="article:modified_time" content="2024-02-27T19:42:34+00:00" />
<meta name="twitter:card" content="summary_large_image" />
<meta name="twitter:label1" content="Durée de lecture estimée" />
	<meta name="twitter:data1" content="1 minute" />
<script type="application/ld+json" class="yoast-schema-graph">{"@context":"https:\/\/schema.org","@graph":[{"@type":"WebPage","@id":"https:\/\/continuingeducation.johnabbott.qc.ca\/fr\/events\/professional-integration-into-nursing-in-quebec-for-internationally-educated-nurses-programme-dautomne-2024-seance-dinformation-2\/","url":"https:\/\/continuingeducation.johnabbott.qc.ca\/fr\/events\/professional-integration-into-nursing-in-quebec-for-internationally-educated-nurses-programme-dautomne-2024-seance-dinformation-2\/","name":"Séance d'info - Professional Integration into Nursing in Quebec for Internationally Educated Nurses - John Abbott College","isPartOf":{"@id":"https:\/\/continuingeducation.johnabbott.qc.ca\/#website"},"datePublished":"2024-01-16T19:38:54+00:00","dateModified":"2024-02-27T19:42:34+00:00","breadcrumb":{"@id":"https:\/\/continuingeducation.johnabbott.qc.ca\/fr\/events\/professional-integration-into-nursing-in-quebec-for-internationally-educated-nurses-programme-dautomne-2024-seance-dinformation-2\/#breadcrumb"},"inLanguage":"fr-FR","potentialAction":[{"@type":"ReadAction","target":["https:\/\/continuingeducation.johnabbott.qc.ca\/fr\/events\/professional-integration-into-nursing-in-quebec-for-internationally-educated-nurses-programme-dautomne-2024-seance-dinformation-2\/"]}]},{"@type":"BreadcrumbList","@id":"https:\/\/continuingeducation.johnabbott.qc.ca\/fr\/events\/professional-integration-into-nursing-in-quebec-for-internationally-educated-nurses-programme-dautomne-2024-seance-dinformation-2\/#breadcrumb","itemListElement":[{"@type":"ListItem","position":1,"name":"Home","item":"https:\/\/continuingeducation.johnabbott.qc.ca\/fr\/"},{"@type":"ListItem","position":2,"name":"Séance d&#8217;info &#8211; Professional Integration into Nursing in Quebec for Internationally Educated Nurses"}]},{"@type":"WebSite","@id":"https:\/\/continuingeducation.johnabbott.qc.ca\/#website","url":"https:\/\/continuingeducation.johnabbott.qc.ca\/","name":"John Abbott College","description":"","potentialAction":[{"@type":"SearchAction","target":{"@type":"EntryPoint","urlTemplate":"https:\/\/continuingeducation.johnabbott.qc.ca\/?s={search_term_string}"},"query-input":{"@type":"PropertyValueSpecification","valueRequired":true,"valueName":"search_term_string"}}],"inLanguage":"fr-FR"}]}</script>
<!-- / Yoast SEO plugin. -->

Séance d'info - Professional Integration into Nursing in Quebec for Internationally Educated Nurses - John Abbott College

Veuillez vous inscrire à la session d&rsquo;information ici : CLIQUEZ ICI POUR VOUS INSCRIRE À UNE SÉANCE D’INFORMATION EN ANGLAIS

Séance d&#8217;info &#8211; Professional Integration into Nursing in Quebec for Internationally Educated Nurses
